{"id":407,"date":"2022-06-24T15:34:31","date_gmt":"2022-06-24T13:34:31","guid":{"rendered":"https:\/\/agap2.com\/swiss\/?page_id=404"},"modified":"2022-09-12T12:02:53","modified_gmt":"2022-09-12T10:02:53","slug":"spontane-bewerbung","status":"publish","type":"page","link":"https:\/\/agap2.com\/swiss\/de\/spontane-bewerbung\/","title":{"rendered":"Spontane Bewerbung"},"content":{"rendered":"<h2>Sie finden nicht, was Sie suchen<br \/>\nin unseren Stellenangeboten?<\/h2>\n<h4>Wir sind immer auf der Suche nach talentierten, lernwilligen, aufgeschlossenen und dynamischen Menschen, die unsere Teams verst\u00e4rken.<\/h4>\n<p>Bei agap2 stellen wir mehr als nur technische F\u00e4higkeiten ein. Schicken Sie uns also Ihre Initiativbewerbung, wir werden sie sorgf\u00e4ltig pr\u00fcfen, wie wir es mit allen Bewerbungen tun, die wir erhalten.<\/p>\n<h3><strong><span class=\"text-secondary\">Wer sind wir<span class=\"text-primary\">?<\/span><\/span><\/strong><\/h3>\n<p>Die agap2 ist ein f\u00fchrender Anbieter von Engineering-Beratung und bietet ihren Kunden, von kleinen und mittleren Unternehmen bis hin zu gro\u00dfen Konzernen, ihre Fachkompetenz in mehr als 10 Branchen an: Informatik, Industrie, Luftfahrt\/Raumfahrt\/Verteidigung, Automobil, Energie, Life Sciences, Bauwesen usw.<\/p>\n<p>Um unser Team zu vergr\u00f6\u00dfern, suchen wir leidenschaftliche Menschen mit Teamgeist und dem Ehrgeiz, Innovationen voranzutreiben.<\/p>\n<h3><strong><span class=\"text-secondary\">Bei uns mitzumachen bedeutet<\/span><span class=\"text-primary\">\u2026<\/span><\/strong><\/h3>\n<ul>\n<li><strong>Regelm\u00e4\u00dfig<\/strong> an neuen Projekten arbeiten, neue Berufe und Branchen entdecken, international t\u00e4tig sein, schnell in verantwortungsvolle Positionen aufsteigen&#8230;<\/li>\n<li><strong>An der Entwicklung<\/strong> des Unternehmens mitwirken: Chancen erkennen, Veranstaltungen organisieren, neue Mitarbeiter einstellen&#8230;<\/li>\n<li><strong>Sich dem Abenteuer agap2<\/strong> anzuschlie\u00dfen, kann man nicht erz\u00e4hlen, sondern t\u00e4glich in unseren Agenturen und bei den zahlreichen Veranstaltungen, die jeden Monat organisiert werden, erleben!<\/li>\n<\/ul>\n<h3><strong><span class=\"text-secondary\">Schicken Sie uns Ihre Initiativbewerbung!<span class=\"text-primary\">!<\/span><\/span><\/strong><\/h3>\n<script type=\"text\/javascript\">\n\/* <![CDATA[ *\/\nvar gform;gform||(document.addEventListener(\"gform_main_scripts_loaded\",function(){gform.scriptsLoaded=!0}),document.addEventListener(\"gform\/theme\/scripts_loaded\",function(){gform.themeScriptsLoaded=!0}),window.addEventListener(\"DOMContentLoaded\",function(){gform.domLoaded=!0}),gform={domLoaded:!1,scriptsLoaded:!1,themeScriptsLoaded:!1,isFormEditor:()=>\"function\"==typeof InitializeEditor,callIfLoaded:function(o){return!(!gform.domLoaded||!gform.scriptsLoaded||!gform.themeScriptsLoaded&&!gform.isFormEditor()||(gform.isFormEditor()&&console.warn(\"The use of gform.initializeOnLoaded() is deprecated in the form editor context and will be removed in Gravity Forms 3.1.\"),o(),0))},initializeOnLoaded:function(o){gform.callIfLoaded(o)||(document.addEventListener(\"gform_main_scripts_loaded\",()=>{gform.scriptsLoaded=!0,gform.callIfLoaded(o)}),document.addEventListener(\"gform\/theme\/scripts_loaded\",()=>{gform.themeScriptsLoaded=!0,gform.callIfLoaded(o)}),window.addEventListener(\"DOMContentLoaded\",()=>{gform.domLoaded=!0,gform.callIfLoaded(o)}))},hooks:{action:{},filter:{}},addAction:function(o,r,e,t){gform.addHook(\"action\",o,r,e,t)},addFilter:function(o,r,e,t){gform.addHook(\"filter\",o,r,e,t)},doAction:function(o){gform.doHook(\"action\",o,arguments)},applyFilters:function(o){return gform.doHook(\"filter\",o,arguments)},removeAction:function(o,r){gform.removeHook(\"action\",o,r)},removeFilter:function(o,r,e){gform.removeHook(\"filter\",o,r,e)},addHook:function(o,r,e,t,n){null==gform.hooks[o][r]&&(gform.hooks[o][r]=[]);var d=gform.hooks[o][r];null==n&&(n=r+\"_\"+d.length),gform.hooks[o][r].push({tag:n,callable:e,priority:t=null==t?10:t})},doHook:function(r,o,e){var t;if(e=Array.prototype.slice.call(e,1),null!=gform.hooks[r][o]&&((o=gform.hooks[r][o]).sort(function(o,r){return o.priority-r.priority}),o.forEach(function(o){\"function\"!=typeof(t=o.callable)&&(t=window[t]),\"action\"==r?t.apply(null,e):e[0]=t.apply(null,e)})),\"filter\"==r)return e[0]},removeHook:function(o,r,t,n){var e;null!=gform.hooks[o][r]&&(e=(e=gform.hooks[o][r]).filter(function(o,r,e){return!!(null!=n&&n!=o.tag||null!=t&&t!=o.priority)}),gform.hooks[o][r]=e)}});\n\/* ]]> *\/\n<\/script>\n\n                <div class='gf_browser_gecko gform_wrapper gravity-theme gform-theme--no-framework' data-form-theme='gravity-theme' data-form-index='0' id='gform_wrapper_10' >\n                        <div class='gform_heading'>\n                            <p class='gform_description'><\/p>\n\t\t\t\t\t\t\t<p class='gform_required_legend'>\u00ab\u00a0<span class=\"gfield_required gfield_required_asterisk\">*<\/span>\u00a0\u00bb indique les champs n\u00e9cessaires<\/p>\n                        <\/div><form method='post' enctype='multipart\/form-data'  id='gform_10'  action='\/swiss\/wp-json\/wp\/v2\/pages\/407\/' data-formid='10' novalidate>\n                        <div class='gform-body gform_body'><div id='gform_fields_10' class='gform_fields top_label form_sublabel_below description_below validation_below'><div id=\"field_10_11\" class=\"gfield gfield--type-honeypot gform_validation_container field_sublabel_below gfield--has-description field_description_below field_validation_below gfield_visibility_visible\"  ><!DOCTYPE html PUBLIC \"-\/\/W3C\/\/DTD HTML 4.0 Transitional\/\/EN\" \"http:\/\/www.w3.org\/TR\/REC-html40\/loose.dtd\">\n<?xml encoding=\"utf-8\" ?><html><body><label class=\" gfield_label gform-field-label\" for=\"input_10_11\">Name<\/label><div class=\"ginput_container\"><input name=\"input_11\" id=\"input_10_11\" type=\"text\" value=\"\" autocomplete=\"new-password\"><\/div><div class=\"gfield_description \" id=\"gfield_description_10_11\">Ce champ n&rsquo;est utilis&eacute; qu&rsquo;&agrave; des fins de validation et devrait rester inchang&eacute;.<\/div><\/body><\/html>\n<\/div><div id=\"field_10_8\" class=\"gfield gfield--type-select gfield--input-type-select gfield--width-full gfield_contains_required field_sublabel_below gfield--no-description field_description_below field_validation_below gfield_visibility_visible\"  ><!DOCTYPE html PUBLIC \"-\/\/W3C\/\/DTD HTML 4.0 Transitional\/\/EN\" \"http:\/\/www.w3.org\/TR\/REC-html40\/loose.dtd\">\n<?xml encoding=\"utf-8\" ?><html><body><label class=\"form-label gfield_label gform-field-label\" for=\"input_10_8\">Agentur<span class=\"gfield_required\"><span class=\"gfield_required gfield_required_asterisk\">*<\/span><\/span><\/label><div class=\"ginput_container ginput_container_select\"><select name=\"input_8\" id=\"input_10_8\" class=\"large gfield_select form-select\" aria-required=\"true\" aria-invalid=\"false\" required=\"required\"><option value=\"Basel\">Basel<\/option><option value=\"Lausanne\">Lausanne<\/option><option value=\"Z&uuml;rich\">Z&uuml;rich<\/option><option value=\"Alle\">Alle<\/option><\/select><\/div><\/body><\/html>\n<\/div><fieldset id=\"field_10_1\" class=\"gfield gfield--type-name gfield--input-type-name gfield_contains_required field_sublabel_below gfield--no-description field_description_below field_validation_below gfield_visibility_visible\"  ><!DOCTYPE html PUBLIC \"-\/\/W3C\/\/DTD HTML 4.0 Transitional\/\/EN\" \"http:\/\/www.w3.org\/TR\/REC-html40\/loose.dtd\">\n<?xml encoding=\"utf-8\" ?><html><body><legend class=\"gfield_label gform-field-label gfield_label_before_complex\">Name<span class=\"gfield_required\"><span class=\"gfield_required gfield_required_asterisk\">*<\/span><\/span><\/legend><div class=\"ginput_complex ginput_container ginput_container--name no_prefix has_first_name no_middle_name has_last_name no_suffix gf_name_has_2 ginput_container_name gform-grid-row\" id=\"input_10_1\">\n                            \n                            <span id=\"input_10_1_3_container\" class=\"name_first gform-grid-col gform-grid-col--size-auto\">\n                                                    <input type=\"text\" name=\"input_1.3\" id=\"input_10_1_3\" value=\"\" aria-required=\"true\" class=\" form-control\" required=\"required\">\n                                                    <label for=\"input_10_1_3\" class=\"form-label gform-field-label gform-field-label--type-sub \">Vorname<\/label>\n                                                <\/span>\n                            \n                            <span id=\"input_10_1_6_container\" class=\"name_last gform-grid-col gform-grid-col--size-auto\">\n                                                    <input type=\"text\" name=\"input_1.6\" id=\"input_10_1_6\" value=\"\" aria-required=\"true\" class=\" form-control\" required=\"required\">\n                                                    <label for=\"input_10_1_6\" class=\"form-label gform-field-label gform-field-label--type-sub \">Nachname<\/label>\n                                                <\/span>\n                            \n                        <\/div><\/body><\/html>\n<\/fieldset><div id=\"field_10_2\" class=\"gfield gfield--type-email gfield--input-type-email gfield--width-half gfield_contains_required field_sublabel_below gfield--no-description field_description_below field_validation_below gfield_visibility_visible\"  ><!DOCTYPE html PUBLIC \"-\/\/W3C\/\/DTD HTML 4.0 Transitional\/\/EN\" \"http:\/\/www.w3.org\/TR\/REC-html40\/loose.dtd\">\n<?xml encoding=\"utf-8\" ?><html><body><label class=\"form-label gfield_label gform-field-label\" for=\"input_10_2\">E-mail<span class=\"gfield_required\"><span class=\"gfield_required gfield_required_asterisk\">*<\/span><\/span><\/label><div class=\"ginput_container ginput_container_email\">\n                            <input name=\"input_2\" id=\"input_10_2\" type=\"email\" value=\"\" class=\"large form-control\" aria-required=\"true\" aria-invalid=\"false\" required=\"required\">\n                        <\/div><\/body><\/html>\n<\/div><div id=\"field_10_5\" class=\"gfield gfield--type-phone gfield--input-type-phone gfield--width-half field_sublabel_below gfield--no-description field_description_below field_validation_below gfield_visibility_visible\"  ><!DOCTYPE html PUBLIC \"-\/\/W3C\/\/DTD HTML 4.0 Transitional\/\/EN\" \"http:\/\/www.w3.org\/TR\/REC-html40\/loose.dtd\">\n<?xml encoding=\"utf-8\" ?><html><body><label class=\"form-label gfield_label gform-field-label\" for=\"input_10_5\">Telefon<\/label><div class=\"ginput_container ginput_container_phone\"><input name=\"input_5\" id=\"input_10_5\" type=\"tel\" value=\"\" class=\"large form-control\" aria-invalid=\"false\"><\/div><\/body><\/html>\n<\/div><div id=\"field_10_3\" class=\"gfield gfield--type-textarea gfield--input-type-textarea gfield_contains_required field_sublabel_below gfield--no-description field_description_below field_validation_below gfield_visibility_visible\"  ><!DOCTYPE html PUBLIC \"-\/\/W3C\/\/DTD HTML 4.0 Transitional\/\/EN\" \"http:\/\/www.w3.org\/TR\/REC-html40\/loose.dtd\">\n<?xml encoding=\"utf-8\" ?><html><body><label class=\"form-label gfield_label gform-field-label\" for=\"input_10_3\">Warum bewerben Sie sich?<span class=\"gfield_required\"><span class=\"gfield_required gfield_required_asterisk\">*<\/span><\/span><\/label><div class=\"ginput_container ginput_container_textarea\"><textarea name=\"input_3\" id=\"input_10_3\" class=\"textarea large form-control\" aria-required=\"true\" aria-invalid=\"false\" rows=\"10\" cols=\"50\" required=\"required\"><\/textarea><\/div><\/body><\/html>\n<\/div><div id=\"field_10_6\" class=\"gfield gfield--type-fileupload gfield--input-type-fileupload gfield--width-full gfield_contains_required field_sublabel_below gfield--no-description field_description_below field_validation_below gfield_visibility_visible\"  ><!DOCTYPE html PUBLIC \"-\/\/W3C\/\/DTD HTML 4.0 Transitional\/\/EN\" \"http:\/\/www.w3.org\/TR\/REC-html40\/loose.dtd\">\n<?xml encoding=\"utf-8\" ?><html><body><label class=\" gfield_label gform-field-label\" for=\"gform_browse_button_10_6\">F&uuml;gen Sie Ihren Lebenslauf hinzu<span class=\"gfield_required\"><span class=\"gfield_required gfield_required_asterisk\">*<\/span><\/span><\/label><div class=\"ginput_container ginput_container_fileupload\"><div id=\"gform_multifile_upload_10_6\" data-settings='{\"runtimes\":\"html5,flash,html4\",\"browse_button\":\"gform_browse_button_10_6\",\"container\":\"gform_multifile_upload_10_6\",\"drop_element\":\"gform_drag_drop_area_10_6\",\"filelist\":\"gform_preview_10_6\",\"unique_names\":true,\"file_data_name\":\"file\",\"url\":\"https:\\\/\\\/agap2.com\\\/swiss\\\/?gf_page=ab4859ddb9e00c8\",\"flash_swf_url\":\"https:\\\/\\\/agap2.com\\\/swiss\\\/wp-includes\\\/js\\\/plupload\\\/plupload.flash.swf\",\"silverlight_xap_url\":\"https:\\\/\\\/agap2.com\\\/swiss\\\/wp-includes\\\/js\\\/plupload\\\/plupload.silverlight.xap\",\"filters\":{\"mime_types\":[{\"title\":\"Fichiers autoris\\u00e9s\",\"extensions\":\"pdf,doc,docx,odt\"}],\"max_file_size\":\"25165824b\"},\"multipart\":true,\"urlstream_upload\":false,\"multipart_params\":{\"form_id\":10,\"field_id\":6,\"_gform_file_upload_nonce_10_6\":\"b7ed79cc17\"},\"gf_vars\":{\"max_files\":0,\"message_id\":\"gform_multifile_messages_10_6\",\"disallowed_extensions\":[\"php\",\"asp\",\"aspx\",\"cmd\",\"csh\",\"bat\",\"html\",\"htm\",\"hta\",\"jar\",\"exe\",\"com\",\"js\",\"lnk\",\"htaccess\",\"phar\",\"phtml\",\"ps1\",\"ps2\",\"php3\",\"php4\",\"php5\",\"php6\",\"py\",\"rb\",\"tmp\"]}}' class=\"gform_fileupload_multifile\">\n\t\t\t\t\t\t\t\t\t\t<div id=\"gform_drag_drop_area_10_6\" class=\"gform_drop_area gform-theme-field-control\">\n\t\t\t\t\t\t\t\t\t\t\t<span class=\"gform_drop_instructions\">D&eacute;posez les fichiers ici ou <\/span>\n\t\t\t\t\t\t\t\t\t\t\t<button type=\"button\" id=\"gform_browse_button_10_6\" class=\"button gform_button_select_files gform-theme-button gform-theme-button--control\" aria-describedby=\"gfield_upload_rules_10_6\">S&eacute;lectionnez des fichiers<\/button>\n\t\t\t\t\t\t\t\t\t\t<\/div>\n\t\t\t\t\t\t\t\t\t<\/div><span class=\"gfield_description gform_fileupload_rules\" id=\"gfield_upload_rules_10_6\">Types de fichiers accept&eacute;s&nbsp;: pdf, doc, docx, odt, Taille max. des fichiers&nbsp;: 24 MB.<\/span><ul class=\"validation_message--hidden-on-empty gform-ul-reset\" id=\"gform_multifile_messages_10_6\"><\/ul> <div id=\"gform_preview_10_6\" class=\"ginput_preview_list\"><\/div><\/div><\/body><\/html>\n<\/div><fieldset id=\"field_10_4\" class=\"gfield gfield--type-consent gfield--type-choice gfield--input-type-consent gfield_contains_required field_sublabel_below gfield--no-description field_description_below hidden_label field_validation_below gfield_visibility_visible\"  ><!DOCTYPE html PUBLIC \"-\/\/W3C\/\/DTD HTML 4.0 Transitional\/\/EN\" \"http:\/\/www.w3.org\/TR\/REC-html40\/loose.dtd\">\n<?xml encoding=\"utf-8\" ?><html><body><legend class=\"gfield_label gform-field-label gfield_label_before_complex\">Consent<span class=\"gfield_required\"><span class=\"gfield_required gfield_required_asterisk\">*<\/span><\/span><\/legend><div class=\"ginput_container ginput_container_consent\"><input name=\"input_4.1\" id=\"input_10_4_1\" type=\"checkbox\" value=\"1\" aria-required=\"true\" aria-invalid=\"false\" class=\" form-check-input\" required=\"required\"> <label class=\"form-check-label gform-field-label gform-field-label--type-inline gfield_consent_label\" for=\"input_10_4_1\">Ich akzeptiere die <a href=\"https:\/\/agap2.com\/swiss\/privacy-policy\/\">Datenschutzbestimmungen<\/a>.<span class=\"gfield_required gfield_required_asterisk\">*<\/span><\/label><input type=\"hidden\" name=\"input_4.2\" value='Ich akzeptiere die &lt;a href=\"https:\/\/agap2.com\/swiss\/privacy-policy\/\"&gt;Datenschutzbestimmungen&lt;\/a&gt;.' class=\"gform_hidden form-check-input\" required=\"required\"><input type=\"hidden\" name=\"input_4.3\" value=\"10\" class=\"gform_hidden form-check-input\" required=\"required\"><\/div><\/body><\/html>\n<\/fieldset><div id=\"field_10_10\" class=\"gfield gfield--type-turnstile gfield--input-type-turnstile gfield--width-full field_sublabel_below gfield--no-description field_description_below field_validation_below gfield_visibility_visible\"  ><!DOCTYPE html PUBLIC \"-\/\/W3C\/\/DTD HTML 4.0 Transitional\/\/EN\" \"http:\/\/www.w3.org\/TR\/REC-html40\/loose.dtd\">\n<?xml encoding=\"utf-8\" ?><html><body><div class=\"ginput_container ginput_container_turnstile\"><div class=\"cf-turnstile\" id=\"cf-turnstile_10\" data-js-turnstile data-response-field-name=\"cf-turnstile-response_10\" data-theme=\"auto\" data-size=\"\" data-sitekey=\"0x4AAAAAACIaU1Wjtpzu6nRK\"><\/div><\/div><\/body><\/html>\n<\/div><\/div><\/div>\n        <div class='gform-footer gform_footer top_label'> <button type=\"submit\" id=\"gform_submit_button_10\" class=\"gform_button button d-flex justify-content-center mx-auto btn btn-primary mt-5\" onclick=\"gform.submission.handleButtonClick(this);\" data-submission-type=\"submit\">Senden<\/button> \n            <input type='hidden' class='gform_hidden' name='gform_submission_method' data-js='gform_submission_method_10' value='postback' \/>\n            <input type='hidden' class='gform_hidden' name='gform_theme' data-js='gform_theme_10' id='gform_theme_10' value='gravity-theme' \/>\n            <input type='hidden' class='gform_hidden' name='gform_style_settings' data-js='gform_style_settings_10' id='gform_style_settings_10' value='[]' \/>\n            <input type='hidden' class='gform_hidden' name='is_submit_10' value='1' \/>\n            <input type='hidden' class='gform_hidden' name='gform_submit' value='10' \/>\n            \n            <input type='hidden' class='gform_hidden' name='gform_currency' data-currency='EUR' value='SvRLpzB\/KRUP6hh6gKTYdWzMgoKcCZmLLu5jw6In8K4dueK6WpAEOh+kYUw+eWXAWCtKzi1GEiMMOVvlM5AXFB5z5riJw0\/KZ3imEKpUqlEdRcg=' \/>\n            <input type='hidden' class='gform_hidden' name='gform_unique_id' value='' \/>\n            <input type='hidden' class='gform_hidden' name='state_10' value='WyJ7XCI0LjFcIjpcIjA3MzRmNGFkY2VhNzlmZDYxODc1ODY1ZWJhOTYyOTc1XCIsXCI0LjJcIjpcIjEzZTUyMzgwZDk4NmMxYWU4Mjc5MDg5NjJmODFlOWUxXCIsXCI0LjNcIjpcIjhmMzkzYzNlN2M5NDg2ZTUxYzgyZmMwNzhhNGVhNGE5XCJ9IiwiZDEwOTViZDJmMWRhNWJlMjI5OWUzMWViODc2OTMwZDkiXQ==' \/>\n            <input type='hidden' autocomplete='off' class='gform_hidden' name='gform_target_page_number_10' id='gform_target_page_number_10' value='0' \/>\n            <input type='hidden' autocomplete='off' class='gform_hidden' name='gform_source_page_number_10' id='gform_source_page_number_10' value='1' \/>\n            <input type='hidden' name='gform_field_values' value='' \/>\n            <input type='hidden' name='gform_uploaded_files' id='gform_uploaded_files_10' value='' \/>\n        <\/div>\n                        <\/form>\n                        <\/div><script type=\"text\/javascript\">\n\/* <![CDATA[ *\/\n gform.initializeOnLoaded( function() {gformInitSpinner( 10, 'https:\/\/agap2.com\/swiss\/wp-content\/plugins\/gravityforms\/images\/spinner.svg', true );jQuery('#gform_ajax_frame_10').on('load',function(){var contents = jQuery(this).contents().find('*').html();var is_postback = contents.indexOf('GF_AJAX_POSTBACK') >= 0;if(!is_postback){return;}var form_content = jQuery(this).contents().find('#gform_wrapper_10');var is_confirmation = jQuery(this).contents().find('#gform_confirmation_wrapper_10').length > 0;var is_redirect = contents.indexOf('gformRedirect(){') >= 0;var is_form = form_content.length > 0 && ! is_redirect && ! is_confirmation;var mt = parseInt(jQuery('html').css('margin-top'), 10) + parseInt(jQuery('body').css('margin-top'), 10) + 100;if(is_form){jQuery('#gform_wrapper_10').html(form_content.html());if(form_content.hasClass('gform_validation_error')){jQuery('#gform_wrapper_10').addClass('gform_validation_error');} else {jQuery('#gform_wrapper_10').removeClass('gform_validation_error');}setTimeout( function() { \/* delay the scroll by 50 milliseconds to fix a bug in chrome *\/  }, 50 );if(window['gformInitDatepicker']) {gformInitDatepicker();}if(window['gformInitPriceFields']) {gformInitPriceFields();}var current_page = jQuery('#gform_source_page_number_10').val();gformInitSpinner( 10, 'https:\/\/agap2.com\/swiss\/wp-content\/plugins\/gravityforms\/images\/spinner.svg', true );jQuery(document).trigger('gform_page_loaded', [10, current_page]);window['gf_submitting_10'] = false;}else if(!is_redirect){var confirmation_content = jQuery(this).contents().find('.GF_AJAX_POSTBACK').html();if(!confirmation_content){confirmation_content = contents;}jQuery('#gform_wrapper_10').replaceWith(confirmation_content);jQuery(document).trigger('gform_confirmation_loaded', [10]);window['gf_submitting_10'] = false;wp.a11y.speak(jQuery('#gform_confirmation_message_10').text());}else{jQuery('#gform_10').append(contents);if(window['gformRedirect']) {gformRedirect();}}jQuery(document).trigger(\"gform_pre_post_render\", [{ formId: \"10\", currentPage: \"current_page\", abort: function() { this.preventDefault(); } }]);        if (event && event.defaultPrevented) {                return;        }        const gformWrapperDiv = document.getElementById( \"gform_wrapper_10\" );        if ( gformWrapperDiv ) {            const visibilitySpan = document.createElement( \"span\" );            visibilitySpan.id = \"gform_visibility_test_10\";            gformWrapperDiv.insertAdjacentElement( \"afterend\", visibilitySpan );        }        const visibilityTestDiv = document.getElementById( \"gform_visibility_test_10\" );        let postRenderFired = false;        function triggerPostRender() {            if ( postRenderFired ) {                return;            }            postRenderFired = true;            gform.core.triggerPostRenderEvents( 10, current_page );            if ( visibilityTestDiv ) {                visibilityTestDiv.parentNode.removeChild( visibilityTestDiv );            }        }        function debounce( func, wait, immediate ) {            var timeout;            return function() {                var context = this, args = arguments;                var later = function() {                    timeout = null;                    if ( !immediate ) func.apply( context, args );                };                var callNow = immediate && !timeout;                clearTimeout( timeout );                timeout = setTimeout( later, wait );                if ( callNow ) func.apply( context, args );            };        }        const debouncedTriggerPostRender = debounce( function() {            triggerPostRender();        }, 200 );        if ( visibilityTestDiv && visibilityTestDiv.offsetParent === null ) {            const observer = new MutationObserver( ( mutations ) => {                mutations.forEach( ( mutation ) => {                    if ( mutation.type === 'attributes' && visibilityTestDiv.offsetParent !== null ) {                        debouncedTriggerPostRender();                        observer.disconnect();                    }                });            });            observer.observe( document.body, {                attributes: true,                childList: false,                subtree: true,                attributeFilter: [ 'style', 'class' ],            });        } else {            triggerPostRender();        }    } );} ); \n\/* ]]> *\/\n<\/script>\n\n","protected":false},"excerpt":{"rendered":"<p>Sie finden nicht, was Sie suchen in unseren Stellenangeboten? Wir sind immer auf der Suche nach talentierten, lernwilligen, aufgeschlossenen und dynamischen Menschen, die unsere Teams verst\u00e4rken. Bei agap2 stellen wir mehr als nur technische F\u00e4higkeiten ein. Schicken Sie uns also&#8230;<\/p>\n","protected":false},"author":2,"featured_media":0,"parent":0,"menu_order":0,"comment_status":"closed","ping_status":"closed","template":"","meta":{"_acf_changed":false,"_seopress_robots_primary_cat":"","_seopress_titles_title":"","_seopress_titles_desc":"","_seopress_robots_index":"","footnotes":""},"class_list":["post-407","page","type-page","status-publish","hentry"],"acf":[],"lang":"de","translations":{"de":407,"en":404,"fr":408},"pll_sync_post":[],"_links":{"self":[{"href":"https:\/\/agap2.com\/swiss\/wp-json\/wp\/v2\/pages\/407","targetHints":{"allow":["GET"]}}],"collection":[{"href":"https:\/\/agap2.com\/swiss\/wp-json\/wp\/v2\/pages"}],"about":[{"href":"https:\/\/agap2.com\/swiss\/wp-json\/wp\/v2\/types\/page"}],"author":[{"embeddable":true,"href":"https:\/\/agap2.com\/swiss\/wp-json\/wp\/v2\/users\/2"}],"replies":[{"embeddable":true,"href":"https:\/\/agap2.com\/swiss\/wp-json\/wp\/v2\/comments?post=407"}],"version-history":[{"count":6,"href":"https:\/\/agap2.com\/swiss\/wp-json\/wp\/v2\/pages\/407\/revisions"}],"predecessor-version":[{"id":906,"href":"https:\/\/agap2.com\/swiss\/wp-json\/wp\/v2\/pages\/407\/revisions\/906"}],"wp:attachment":[{"href":"https:\/\/agap2.com\/swiss\/wp-json\/wp\/v2\/media?parent=407"}],"curies":[{"name":"wp","href":"https:\/\/api.w.org\/{rel}","templated":true}]}}